5)/((-6)/(-12)). Suppose 4*c = -u*c + 60. Suppose -c*r + 74 = -4*r. What are the prime factors of r?
2, 37
Let x(n) = -n**3 + 6*n**2 - 5*n - 5. Let j be x(6). Let s = 29 + j. Let h(o) = 2*o**2 - 7*o - 6. What are the prime factors of h(s)?
2, 3
List the prime factors of 289899/24 - (2603/152 + -17).
47, 257
Suppose 3*y - 2*f = 139 - 36, -4*y + 3*f + 138 = 0. Suppose c - 6 = -c + 2*r, 0 = 4*c + 5*r + y. What are the prime factors of (-1904)/(-35) - c/(-5)?
2, 3
Let b = -699 - -15651. List the prime factors of b.
2, 3, 7, 89
Suppose -3932*s + 15857 + 943 = -3900*s. List the prime factors of s.
3, 5, 7
Let w = 6360 + -3510. Let o = w + -1750. List the prime factors of o.
2, 5, 11
Suppose -2 = m + m + 4*n, -2*m = 2*n + 2. Let w = -17 - m. Let i = 22 + w. List the prime factors of i.
2, 3
Let f = 61767 + -5164. What are the prime factors of f?
23, 107
Let y(c) = -25*c + 22. Let q be y(1). Let a(j) = -10*j**3 - 4*j**2 - 2*j + 1. List the prime factors of a(q).
241
Let g(o) = 7*o - o**2 - 21 + 2*o**2 + 9*o**2. Let i = 640 - 636. List the prime factors of g(i).
167
Let g(x) = -x**2 + 27*x - 107. Let n be g(22). Suppose n*l = 529 + 440. List the prime factors of l.
17, 19
Let j(z) = -60*z**3 + 4*z**2 + 5*z + 1. Suppose -2*f - 3*g - 154 = -4*f, 0 = f - 2*g - 78. Let a = -75 + f. List the prime factors of j(a).
2, 3, 5
Let x(f) = 344*f + 153. What are the prime factors of x(2)?
29
Let g(w) = 15*w - 138. Let q be g(8). Let a = 16 + -43. List the prime factors of (-3162)/a + 2/q.
3, 13
Let y(r) = -16*r + 4*r + 13 - r - 173*r - 41. List the prime factors of y(-1).
2, 79
Suppose 4*q = t - 2678, 3*q = -t - q + 2638. What are the prime factors of t?
2, 3, 443
Let o = 310 - 313. List the prime factors of 28/(-21) - 1639/o.
5, 109
Suppose -3*t + 12 = k - 18, -20 = -2*t - k. Suppose -2*u - t = -f - f, -11 = 3*u - 2*f. List the prime factors of (u - (-1 + -4))/(16/472).
2, 59
Let h be 21/14 + (-498)/(-4). Let d = -89 + h. Suppose 97 = n + d. What are the prime factors of n?
2, 3, 5
Let n = 111 - -32. Let b = 211 - n. List the prime factors of b.
2, 17
Let c = -445 + 4121. Let s = c - 1846. What are the prime factors of (s/8)/3 + 2/(-8)?
2, 19
Let y = 200 - 195. Suppose k + y*b - 47 = -7, -4*b = -5*k + 171. What are the prime factors of k?
5, 7
Let n(z) = -2095*z**3 + 3*z**2 - 28*z - 57. What are the prime factors of n(-2)?
31, 541
Let j(p) = -9199*p**3 - 2*p**2 + 3*p + 5. List the prime factors of j(-1).
9199
Let u(w) = 82*w**2 + 27*w + 224. List the prime factors of u(-17).
3, 11, 79
What are the prime factors of (-7 - -13) + 31303 - (10 + 15/(-3))?
2, 7, 13, 43
Suppose 3654 = 7*l - 28*l. Let h = l - -431. List the prime factors of h.
257
Suppose -5*v + 215 = l, 3*v + 0*l - 117 = -3*l. Suppose 339 = 5*k + v. What are the prime factors of k?
59
Let x(o) = 6*o + 36. Let q be x(-6). Suppose 6*g + 14*g - 8000 = q. List the prime factors of g.
2, 5
Suppose -u + 24 = -4*g, 3*u = -g - 4*g + 72. Suppose 9*s + u = -3*s. List the prime factors of (-475 + 4)/3*(s - -1).
157
Suppose -3*b + 2*b - 13 = 0. Let o(y) = -26*y + 22. List the prime factors of o(b).
2, 3, 5
Let p be (-389)/(-4) - (-8)/(-32). Suppose 0*l + 2*z - 2161 = -3*l, 722 = l - z. Suppose -8*t + l - p = 0. List the prime factors of t.
2, 3, 13
Let d = -447 + 557. Suppose -d*m - 915 = -111*m. What are the prime factors of m?
3, 5, 61
What are the prime factors of (-186687)/(-2)*276/621?
2, 20743
What are the prime factors of 1*(-55)/20 - 843423/(-84)?
2, 3, 7, 239
Let c(z) = 5*z + 25. Let g be c(-5). Suppose -2*y + g*b - 6 = -3*b, 5 = 3*y - b. Suppose 0 = 2*x + 3*x + 3*n - 55, 0 = -y*n + 15. List the prime factors of x.
2
Let c(i) = i + 40. Let u(h) = h**3 - 4*h**2 - 8*h + 10. Suppose 2*m - 9 = t, 4*t + 2 + 2 = 0. Let v be u(m). List the prime factors of c(v).
2, 3
Suppose v - 2*z = 54916, -71*z + 109825 = 2*v - 68*z. What are the prime factors of v?
2, 27457
Suppose -g - 5*t + 24827 = 0, 0*g + t = 5*g - 124057. What are the prime factors of g?
2, 6203
Suppose 0 = -3*b + 2*b - 5*a - 45, 5*b + 2*a + 110 = 0. List the prime factors of b/(-90) - (-1965)/27.
73
Suppose -9*x = -29*x + 9940. Let k = 770 - x. What are the prime factors of k?
3, 7, 13
Let v(i) = 35*i**2 + i. Let o be 3 - (-9)/(-6)*-2. Let f(b) = -b**2 + b + 29. Let s be f(o). What are the prime factors of v(s)?
2, 17
Suppose 4*x = 63*z - 65*z + 1222, -5*z - 4*x + 3049 = 0. What are the prime factors of z?
3, 7, 29
What are the prime factors of -22*59615/(-20) + (1 - (-15)/(-10))?
2, 7, 1171
List the prime factors of (832/(-96) + 14)*(-32685)/(-4).
2, 5, 2179
Suppose 0 = -30*v + 32*v - 6266. List the prime factors of v.
13, 241
Let j = 77008 + -51314. What are the prime factors of j?
2, 29, 443
Let u(b) = -2*b + 4. Let s be u(0). Suppose s*y = 28 + 8. List the prime factors of (12/y)/(2/81).
2, 3
Let c(t) = 2*t**2 - 12*t + 30. Let x be c(9). Suppose -x*a + 87*a = 987. List the prime factors of a.
7, 47
Suppose 50*k = 51*k - 3. Suppose 11718 = -k*c + 17*c. What are the prime factors of c?
3, 31
Suppose -16273 = 6*g + 6*g - 67705. What are the prime factors of g?
2, 2143
Let h(g) = -g**3 - 6*g**2 - 5*g + 3. Let m = 91 + -96. Let v be h(m). Suppose -v*c + 0*x + 445 = -4*x, -c = 2*x - 135. What are the prime factors of c?
11, 13
Let s = 23389 + -9903. What are the prime factors of s?
2, 11, 613
Let v(b) = 37*b - 55. Let f(x) = 2*x**2 - 5*x + 3. Let t be f(3). What are the prime factors of v(t)?
167
Let r = 3697 + 1304. What are the prime factors of r?
3, 1667
Let k(q) = -2*q - 1. Let n be k(-4). Let s(f) = 9*f - 4 + 2 - 3*f + n. List the prime factors of s(14).
89
Let w = -243 - -245. List the prime factors of (-3 - w*(-215)/(-20))*-20.
2, 5, 7
Let y be (-49)/28 - 32908/(-16). Suppose 5*r + a - 2055 = 0, 5*r + 35*a - 32*a = y. What are the prime factors of r?
3, 137
Let f be (3/(-3))/1 + 8 - 3. Let s(p) = 2*p - 7. Let b be s(f). Suppose -5*a + 16 = b. What are the prime factors of a?
3
Let l = 48 - -2390. What are the prime factors of l?
2, 23, 53
Suppose -4*m + 2*p + 63406 = 0, 16459 = 3*m + 2*p - 31085. What are the prime factors of m?
2, 5, 317
Let p be ((-4)/(-3))/((-15)/405). Let d = p - -39. Suppose -5*a - 525 = -8*m + d*m, 4*m - 3*a - 415 = 0. List the prime factors of m.
2, 5
Suppose 75*d - 1244607 = -55*d + 39*d. What are the prime factors of d?
3, 47, 97
Let r(f) = -f**2 + 31*f + 110. Let k be r(34). Let u(j) = 4*j**3 - 12*j**2 - 8*j - 7. What are the prime factors of u(k)?
3, 13, 31
Let b = -15003 + 15005. Suppose 2*j = -w + 8, 3*w - w = 4. Suppose -j*c + 2*u + 1406 = b*c, 4*u = 4*c - 1132. List the prime factors of c.
2, 5, 7
Let b(y) = 89*y - 59. Let h be b(3). Suppose -h*u + 198*u = -1560. List the prime factors of u.
2, 3, 13
Suppose -3351 = -2*n + 593*t - 588*t, 5021 = 3*n - 2*t. List the prime factors of n.
7, 239
Let o(f) = 2134*f**2 - 151*f + 14. List the prime factors of o(-4).
2, 7, 13, 191
List the prime factors of (72/6)/((-148)/(-521219)).
3, 14087
Suppose -h + 4 = 4. Suppose -5*s = 2*n + 3*n - 1055, -s - 4*n + 208 = h. Suppose 178 = d - 3*l - 30, 0 = -d + 4*l + s. What are the prime factors of d?
2, 7
Let n(s) = s**3 + 33*s**2 + 61*s - 24. Let g be n(-31). List the prime factors of (42/g + -2068)*2/(-4).
1031
Suppose 5*d - 19985 = -s, -3*s - 5*d - 8516 = -68441. What are the prime factors of s?
2, 5, 1997
Let i(d) = d**3 - 5*d**2 - 10*d + 8. Let p be i(7). Suppose o - 271 = -p. What are the prime factors of o?
5, 47
List the prime factors of ((-321804)/56 - 9)/(6/(-8)).
2, 3, 1279
Let u be 3/(12/8 - 0). Let v = -123 + 127. Suppose u*t + 44 = v*g, 8*t - 4*t = 3*g - 43. What are the prime factors of g?
3
Let x(m) = -m**3 - m**2 - m + 2. Let c be x(0). Suppose 0 = 2*z + 2, -3*z - 148 = 2*w - 5*z. Let t = c - w. What are the prime factors of t?
7, 11
Suppose 0 = -18*k + 12*k + 12. Let w be (7 + -7)/(2/(-1)). Suppose w = 2*r - k - 2. List the prime factors of r.
2
Let u be (-52)/12*-2 + 4/(-6). Let x(m) = 2*m**3 - 10*m**2 + 5*m + 7. List the prime factors of x(u).
431
Let b(g) = 6523*g + 321. List the prime factors of b(5).
2, 23, 179
Let i(v) = 5*v**2 - 2*v + 87. Let o be (((-14)/4)/(-7))/((-3)/12). Let n be -2 + -3 - 10/o. List the prime factors of i(n).
3, 29
Let w(c) = -2*c**3 + 31*c**2 + 91*c - 80. List the prime factors of w(17